alse
Let i(c) = -254*c**2 - 2*c - 2. Suppose 1 = 4*y - 3*z - 1, 2*y = 2*z. Let m be i(y). Let w = 3381 + m. Is w composite?
True
Suppose 0 = 31*l + 26*l - 929157. Is l composite?
False
Suppose -136*m - 103245 = -139*m. Is m a composite number?
True
Let m(l) = -2*l + 10. Let j be m(3). Suppose -4*h + 12 = 0, -4*x - j*h + 4144 + 2552 = 0. Is x prime?
False
Let d = 2626 - -4424. Suppose n = 4*n - d. Suppose v + 9*v = n. Is v prime?
False
Suppose o - 13 = -5*i + 3*o, -5*o = -5. Suppose 218 = i*j - 412. Is ((-8)/(-3))/(8/12) + j a composite number?
True
Let c = -562600 + 1034669. Is c a composite number?
True
Suppose -16*i + 28333 + 249843 = 0. Suppose 8*z - i = 12390. Is z composite?
True
Is (-1 + 2)/((-16)/(7 + -5458743)) composite?
False
Suppose 6*w = 4*m - 5*m + 1160567, 5*w = m + 967130. Is w prime?
False
Suppose -w + 11*v - 15*v = -17351, 3*w - 4*v = 52053. Is w composite?
False
Let x = -1408 - -2805. Let l = -592 + -104. Let a = l + x. Is a a prime number?
True
Let i(j) = j**3 + 14*j**2 + j + 8. Let v be i(-14). Let g be (16/v)/(14/21). Is g/(-18) - 144233/(-207) prime?
False
Let w(q) be the first derivative of -q**3/3 - 3*q**2/2 + 407*q + 44. Let r = 42 + -42. Is w(r) prime?
False
Let u(z) = z**3 + 9*z**2 + 4. Let r be u(-9). Suppose r*a - 4397 = 3351. Is (a/(-2))/((-4)/8) composite?
True
Let h = 44 + -41. Let p(n) = n**2 - 5*n + 6. Let a be p(h). Suppose a*d + 4535 = d. Is d a prime number?
False
Let l = 48 + 94. Let f = 407 - l. Let n = f - 106. Is n a composite number?
True
Let o(v) = -v**2 + 13*v + 2. Let z be o(14). Let g = z + 16. Suppose -t - 308 = -g*q, t = -q + 4*t + 77. Is q a composite number?
True
Suppose -6*l = -5*l + 2, 4*r = 4*l + 171156. Is r prime?
True
Let q = 478089 - 109898. Is q a prime number?
False
Suppose 51*n - 24 = 43*n. Suppose -w - 3*z = -4625 - 40370, n*z + 44995 = w. Is w a composite number?
True
Suppose 5*j = -4*a + 3, -j - 5*a - 12 = -0*j. Suppose 4*l - 4*b = 18208, b - 9089 = j*l - 5*l. Is l a composite number?
False
Suppose -857*x + 17408872 = -753*x. Is x a composite number?
False
Let u = 92716 - -40031. Is u a composite number?
True
Let j(p) = -4*p**2 - 3*p + 49. Let k be j(8). Let r = k + 538. Is r composite?
False
Let q = 127 + -129. Is -3*2798/(-6) + q prime?
False
Let u(y) = 484*y + 29. Let d(c) = -242*c - 15. Let o(z) = -5*d(z) - 2*u(z). Is o(13) prime?
True
Let h = 2936 - -65430. Is h prime?
False
Let a(s) be the third derivative of -559*s**4/3 - 379*s**3/6 + 16*s**2 - 7*s. Is a(-6) a composite number?
True
Suppose -3*b - 3*t = -247908, 3*b + 5*t = 4*b - 82654. Is b prime?
False
Suppose -21*q + 17*q = 2144. Let j = -331 - q. Let c = 778 + j. Is c prime?
True
Suppose -11*b = -156070 - 284953. Is b a prime number?
True
Let h(g) = 34*g**2 - 784*g - 43. Is h(-45) a prime number?
True
Let g(f) = 12 + 5*f**2 - 6*f**2 + 0 + 11*f + 2. Let t be g(12). Suppose t*c - 1396 = -390. Is c prime?
True
Let j(q) be the third derivative of q**6/4 + 7*q**5/60 - q**4/6 + 28*q**3/3 + 60*q**2. Is j(7) composite?
True
Let z(x) = 36*x + 7. Let v(h) = -2*h + 23. Let t be v(9). Suppose t*k = 21 - 6. Is z(k) composite?
True
Let m(p) = -p**3 + 18*p**2 + 21*p - 36. Let r be m(19). Suppose -2 = r*b, 2*b = -4*f + 3*b + 27997. Is f prime?
False
Let w(g) be the second derivative of -g**5/20 + 55*g**4/12 - 77*g**3/3 + 65*g**2/2 + 58*g. Is w(52) a prime number?
False
Suppose 5*i + 3*z - 1564288 = 0, i + 1051*z - 1046*z = 312862. Is i a prime number?
True
Let d = -26 + 12. Let l = -8 - d. Suppose 758 = l*j - 4*j. Is j composite?
False
Let v = 103 - 227. Let s = v - -123. Is (-1)/(s/(-537)*-3) a prime number?
True
Let r = -10 + 15. Suppose 4 = z + r*m - 6, 70 = 4*z + 5*m. Is (-3 - z/(-5))/(3/1137) composite?
False
Suppose 2*c = -112 + 56. Is ((-2757)/(-12))/(133/c + 5) a composite number?
False
Let y(z) = 1850*z**2 + 276*z - 3121. Is y(12) a composite number?
True
Suppose s + 13 = r + 3*r, -2*r = 2*s - 14. Let t be 28*((0 - 3) + (1 - r)). Let f = 23 - t. Is f composite?
False
Let y(r) = 420*r**2 + 150*r - 187. Is y(-49) composite?
True
Let t = 492 + -733. Let l = t + 630. Is l composite?
False
Let v(x) = 109*x**2 - 9*x + 3. Let j(c) = c**2 - c. Let m be j(-2). Is v(m) a composite number?
True
Let k be (-2)/5 - (-3)/30*4. Suppose 0 = 6*w - k*w. Suppose -i + 4 = -w*i, 771 = z - 4*i. Is z prime?
True
Let o(h) = -51*h**3 + 5*h**2 - 88*h - 817. Is o(-10) composite?
False
Let d = 336926 - 136195. Is d a prime number?
True
Let b(q) = q**2. Let z(m) = -29*m**2 + 11*m - 14. Let s(n) = 2*b(n) - z(n). Let l be s(6). Let h = l + -615. Is h a composite number?
False
Let o be (4/(-5))/(-2 - (-177)/90). Suppose 20 = o*b - 22*b. Is -3 + ((-724)/(-2))/(5/b) prime?
False
Let c = -197 - -191. Is (58470/40)/(c/(-8)) composite?
False
Suppose 32*q - 37*q = 65. Let x(m) = 11*m**2 - 41*m - 23. Let j(w) = -5*w**2 + 20*w + 11. Let g(b) = q*j(b) - 6*x(b). Is g(-12) composite?
False
Let u(b) = 88832*b + 667. Is u(27) prime?
False
Let b(k) = 29624*k - 615. Is b(1) composite?
False
Suppose -q + 54 = -2*w, 3*q + 4*w + w = 107. Let o = 431 - q. Let c = o + -184. Is c a prime number?
False
Suppose 7*t - 56 + 35 = 0. Let g(a) = 77*a**2 - 16*a + 2. Is g(t) a prime number?
True
Let g = 4603 - 6953. Let t = -1273 - g. Is t a prime number?
False
Let w = 78 + -66. Suppose w = -36*s + 39*s. Suppose 0 = s*a + f - 932, -97 + 563 = 2*a - f. Is a a composite number?
False
Suppose -3*q - 3*w + 2304054 = 0, -70*w + 2304061 = 3*q - 74*w. Is q a prime number?
False
Suppose -2*q + 5*s + 125 = -1103, -4*q + 3*s + 2470 = 0. Let c = q + 4. Is c prime?
False
Suppose -5*j + 288 = 4*l, 5*l = 2*j - 3*j + 45. Let n(m) = -40*m - j*m - 17 + 36*m. Is n(-4) a composite number?
False
Let a(z) be the first derivative of 37*z**3 + 5*z**2 + 13*z - 94. Suppose 5*y - 3*y + 12 = 0. Is a(y) prime?
False
Let p be 110/100*5 - 5/(-2). Suppose 0 = p*o - 3*o - t - 63256, -3*t + 12648 = o. Is o a composite number?
True
Suppose 3*i = 5*h + 832018, 3*h = -18*i + 15*i + 831978. Is i a composite number?
False
Suppose 23*f + 12066 + 86328 = 0. Is (122/(-6))/(46/f) a prime number?
False
Let x(r) be the third derivative of 9*r**6/20 - r**5/30 + r**4/12 - r**3/6 + 15*r**2. Let y be x(1). Let f = -38 + y. Is f prime?
False
Suppose 0 = 81*q - 3350248 - 956603. Is q a prime number?
True
Suppose -b + 2244 = -13521. Suppose z = 2*t + b, z = -3*t + 4*t + 15763. Is z composite?
False
Is 2 - ((-19)/19 - 20990) a prime number?
False
Suppose -17*k + 15113 = -24*k. Let c = -1200 - k. Is c composite?
True
Suppose -413770 = -5*o + 3*b, -102*b + 5 = -101*b. Is o a composite number?
False
Suppose 8 = p + 3*p, 5*f = 3*p + 24059. Suppose -6*x - 3629 = f. Let z = -760 - x. Is z a prime number?
True
Let t = -312413 - -85077. Is (26/(-104))/(227338/t + 1) a composite number?
True
Let v(j) = 52*j - 10 + 1 - 3*j**2 - 8 + 9*j**2. Is v(-20) composite?
True
Let p(n) be the third derivative of 67*n**6/12 + n**5/15 - n**4/8 + n**3/3 - 79*n**2 - n. Is p(1) a prime number?
True
Let i = 10721 - -8202. Is i prime?
False
Suppose 4*m + 4*i = 117612, -7*m - i - 29411 = -8*m. Is m composite?
True
Let l = -5 - -2. Suppose -16 - 21 = -t - 39. Is 1/t - ((-38255)/14 + l) prime?
False
Suppose 242*f = 257*f - 1434795. Is f a prime number?
False
Let s = -46 - -47. Suppose -s = 4*a - 1. Suppose 0 = -3*k - 5*l - a*l + 2394, 4*l = -5*k + 4003. Is k composite?
True
Is (-114)/247 - (-24535539)/117 a prime number?
False
Is (-217666)/5*2730/(-1092) prime?
False
Let u(b) = b**3 - 20*b**2 + 18*b + 3. Let n be u(27). Suppose -2471 = -z - 2*s, 4*z - 2*s - 4322 - n = 0. Is z composite?
False
Is (6/(-27) + 299678/(-18))/(-67 - -66) a composite number?
False
Suppose 15584 - 6043 = 47*b. Is b prime?
False
Let t = 7171 + -1289. Let q = -3177 + t. Is q prime?
False
Let x = -1373 - -1377. Let k(j) = 12*j. Let q be k(5). Is q + x + -1 - -4 a composite number?
False
Let m(b) = 98*b**2 - 59*b + 4. Suppose 0 = -49*y + 477 - 36. Is m(y) a prime number?
True
Let d(f) = f - 8*f - 33 - f + 12. Suppose -y = -2*w + 2*y - 18, 0 = 5*y. Is d(w) a composite number?
True
Let r = 10366 - -891. Is r prime?
True
Let c(i) = -2296*i + 5. Let v be c(-2). Let k = -1280 + v. Is k a prime number?
False
Suppose -484908 - 250212 = -8*y. Let u = y - 57571. Is u prime?
True
Suppose 22770 = -2*c - 4*